 number?
False
Is 56557 a prime number?
False
Is 392957 prime?
True
Is 2217473 a composite number?
False
Is 862 a composite number?
True
Is 415507 composite?
False
Is 25693 a composite number?
False
Is 6911 a composite number?
False
Is 21077 a prime number?
False
Is 13813 prime?
False
Is 254699 prime?
True
Is 210481 composite?
False
Is 1934 a composite number?
True
Is 154153 a composite number?
False
Is 4201 composite?
False
Is 10109 composite?
True
Is 2953 composite?
False
Is 2521 composite?
False
Is 2317 composite?
True
Is 2999 prime?
True
Is 78043 a prime number?
False
Is 1232603 prime?
True
Is 78151 composite?
True
Is 72997 a composite number?
False
Is 181073 a prime number?
False
Is 1137133 a prime number?
False
Is 3743 prime?
False
Is 52943 a prime number?
False
Is 11567 prime?
False
Is 38669 a prime number?
True
Is 603445 composite?
True
Is 9349 a composite number?
False
Is 109801 composite?
True
Is 948263 a prime number?
True
Is 33646 a composite number?
True
Is 1168319 prime?
True
Is 39059 composite?
True
Is 14458 prime?
False
Is 65609 a composite number?
False
Is 203207 prime?
True
Is 7522 a composite number?
True
Is 1559 composite?
False
Is 3060659 prime?
False
Is 303865 a prime number?
False
Is 5707 a composite number?
True
Is 56113 a composite number?
False
Is 208657 a prime number?
True
Is 9115 a prime number?
False
Is 225871 a prime number?
True
Is 295927 a prime number?
False
Is 98179 a composite number?
False
Is 32345 a prime number?
False
Is 58567 a composite number?
False
Is 123143 a composite number?
False
Is 248291 a prime number?
True
Is 8986 prime?
False
Is 7789 prime?
True
Is 76702 prime?
False
Is 119159 prime?
True
Is 1236827 prime?
True
Is 235777 a prime number?
False
Is 546961 a prime number?
True
Is 256661 a prime number?
True
Is 57503 prime?
True
Is 10973 prime?
True
Is 232467 a prime number?
False
Is 178141 a prime number?
True
Is 341611 prime?
False
Is 30011 a composite number?
False
Is 453421 prime?
True
Is 8257 prime?
False
Is 128377 prime?
True
Is 225919 composite?
False
Is 264981 a composite number?
True
Is 2657 prime?
True
Is 132103 composite?
False
Is 212027 a prime number?
False
Is 84338 prime?
False
Is 172849 a composite number?
False
Is 72719 a composite number?
False
Is 14111 a prime number?
False
Is 54358 composite?
True
Is 1973 composite?
False
Is 39971 composite?
False
Is 335519 prime?
True
Is 9127 prime?
True
Is 43959 composite?
True
Is 608029 a prime number?
True
Is 442601 composite?
False
Is 844527 a composite number?
True
Is 1870829 a prime number?
True
Is 36987 a composite number?
True
Is 622603 a prime number?
True
Is 169801 a composite number?
True
Is 27733 composite?
False
Is 921355 a prime number?
False
Is 274103 prime?
True
Is 1243891 a prime number?
False
Is 14369 composite?
False
Is 51873 composite?
True
Is 12079 prime?
False
Is 221249 prime?
False
Is 360271 composite?
False
Is 319621 prime?
False
Is 1452377 a prime number?
True
Is 25 prime?
False
Is 2309 a prime number?
True
Is 5218613 composite?
False
Is 7199 a composite number?
True
Is 203843 a prime number?
True
Is 23857 composite?
False
Is 328613 composite?
True
Is 8147 composite?
False
Is 185953 a composite number?
True
Is 96643 a composite number?
False
Is 130453 prime?
False
Is 2066 prime?
False
Is 504301 prime?
False
Is 35051 composite?
False
Is 3463 prime?
True
Is 248041 prime?
True
Is 103661 a composite number?
True
Is 27199 composite?
True
Is 760007 composite?
False
Is 4499 composite?
True
Is 1319 a prime number?
True
Is 678533 a prime number?
True
Is 501769 composite?
False
Is 18119 prime?
True
Is 6437 a composite number?
True
Is 166271 a composite number?
True
Is 818561 prime?
True
Is 512749 prime?
False
Is 1234 composite?
True
Is 226261 composite?
True
Is 30946 prime?
False
Is 174449 a composite number?
True
Is 114979 a composite number?
True
Is 224669 prime?
True
Is 83089 prime?
True
Is 289343 prime?
True
Is 5447 prime?
False
Is 56387 composite?
True
Is 27769 prime?
False
Is 1779 composite?
True
Is 493109 a composite number?
False
Is 2204933 composite?
False
Is 17197 a composite number?
True
Is 1126649 composite?
False
Is 834035 composite?
True
Is 2170453 a prime number?
True
Is 181163 a prime number?
False
Is 6619 prime?
True
Is 265703 composite?
False
Is 131581 a composite number?
False
Is 2579 a composite number?
False
Is 11379 a composite number?
True
Is 21881 composite?
False
Is 16943 prime?
True
Is 1757 a composite number?
True
Is 5195603 a composite number?
True
Is 27539 prime?
True
Is 12623 a composite number?
True
Is 936053 a prime number?
True
Is 7433 prime?
True
Is 3883 a composite number?
True
Is 357359 a composite number?
False
Is 14963 prime?
False
Is 14971 a composite number?
True
Is 34553 prime?
False
Is 49081 a prime number?
True
Is 11335 a composite number?
True
Is 177151 prime?
False
Is 5879 composite?
False
Is 20035 prime?
False
Is 5981 a prime number?
True
Is 241589 a composite number?
False
Is 23771 a prime number?
False
Is 1260971 composite?
False
Is 342037 prime?
True
Is 376021 composite?
False
Is 1951607 a prime number?
False
Is 155919 a prime number?
False
Is 3463 a composite number?
False
Is 145765 prime?
False
Is 201281 a prime number?
True
Is 40063 prime?
True
Is 159019 a prime number?
False
Is 18853 composite?
True
Is 28349 a composite number?
False
Is 141473 a composite number?
True
Is 318347 a composite number?
False
Is 4181 composite?
True
Is 255497 composite?
True
Is 46169 a prime number?
False
Is 1316749 a prime number?
False
Is 320561 a composite number?
False
Is 61993 composite?
True
Is 38621 composite?
True
Is 46622 prime?
False
Is 287087 composite?
False
Is 13333 a prime number?
False
Is 10663 a composite number?
False
Is 69809 a prime number?
True
Is 32251 a prime number?
True
Is 75333 a composite number?
True
Is 8287 a prime number?
True
Is 162721 a composite number?
True
Is 10219 a prime number?
False
Is 532006 composite?
True
Is 42853 prime?
True
Is 23927 a prime number?
False
Is 16846 prime?
False
Is 8119 composite?
True
Is 2987 composite?
True
Is 285043 a prime number?
False
Is 2379985 prime?
False
Is 958 a prime number?
False
Is 458561 a composite number?
True
Is 274849 a prime number?
False
Is 3811 composite?
True
Is 118343 a prime number?
True
Is 286927 a prime number?
True
Is 412223 a prime number?
False
Is 175261 composite?
False
Is 97079 composite?
True
Is 159617 a prime number?
True
Is 60871 a prime number?
False
Is 176969 a composite number?
True
Is 22207 a prime number?
False
Is 952363 prime?
True
Is 6469 prime?
True
Is 11887 a composite number?
False
Is 131363 prime?
True
Is 51257 a prime number?
True
Is 65357 composite?
False
Is 372397 prime?
True
Is 41719 composite?
False
Is 102347 composite?
True
Is 139583 prime?
False
Is 121151 composite?
False
Is 52145 a prime number?
False
Is 13799 prime?
True
Is 75853 prime?
True
Is 4109 composite?
True
Is 131203 composite?
False
Is 154051 composite?
True
Is 58337 composite?
False
Is 3035 prime?
False
Is 32479 composite?
False
Is 99661 a composite number?
False
Is 246011 composite?
False
Is 243911 a prime number?
True
Is 10546 a prime number?
False
Is 34381 a composite number?
False
Is 711407 a prime number?
False
Is 1452369 a composite number?
True
Is 14227 a composite number?
True
Is 50761 a prime number?
False
Is 3799 prime?
False
Is 14959 a prime number?
False
Is 42737 a prime number?
True
Is 70757 a composite number?
True
Is 139007 prime?
False
Is 72577 a prime number?
True
Is 618323 composite?
False
Is 63695 a composite number?
True
Is 7411 prime?
True
Is 849922 a composite number?
True
Is 3787 a composite number?
True
Is 257671 prime?
True
Is 18769 a composite number?
True
Is 219158 prime?
False
Is 29789 composite?
False
Is 169333 a prime number?
False
Is 260791 a composite number?
False
Is 38509 prime?
False
Is 42493 prime?
False
Is 7045 composite?
True
Is 266281 a composite number?
False
Is 153841 a prime number?
True
Is 7493 composite?
True
Is 122338 composite?
True
Is 73081 a prime number?
False
Is 82871 a composite number?
True
Is 63997 a prime number?
True
Is 65479 composite?
False
Is 47131 prime?
False
Is 1657 composite?
False
Is 4241 prime?
True
Is 39361 composite?
True
Is 5161 a prime number?
False
Is 9179 a